hat is the units digit of a?
9
What is the tens digit of (-131)/(6 + 50/(-8))?
2
Let a(j) be the third derivative of j**4/24 + 5*j**3/3 + 12*j**2. Let x = 23 + -14. What is the tens digit of a(x)?
1
Let i(a) = -a**2 + 13*a + 8. What is the tens digit of i(11)?
3
Let j = -103 + 44. Let d = 203 + j. What is the tens digit of d?
4
Suppose 0 = -2*d + 2, 3*d = -2*w + 237. Let z = w - 29. What is the units digit of z?
8
Let m(a) = -2*a**3 - a**2 + 3*a. Let d be m(-4). Let w = d + -58. What is the units digit of w?
2
Let j(v) = v**3 - 12*v**2 + 10*v + 14. Suppose -r + 4*r = 9. Let p be 10 + 2*r/6. What is the units digit of j(p)?
3
Suppose 0 = 2*h - 79 + 27. Suppose 0 = 5*m + 4*j - 8, 5*m + j - h = -9. Suppose -f = -4*k + k + 52, -m*k - f + 67 = 0. What is the tens digit of k?
1
Suppose d - 2603 = -5*z + 69, 3*z + 10619 = 4*d. What is the tens digit of d?
5
Let m(g) be the first derivative of -g**3/3 + 11*g**2/2 + 23*g - 9. What is the units digit of m(11)?
3
Let y = 21 - 13. Let p be 1/(-8) - 23/y. What is the units digit of (-4)/p*117/26?
6
Let p be (-22)/4 - 2/4. Let l = p - -8. Suppose -l*u = -6 - 6. What is the units digit of u?
6
Suppose 0*v - 2*n = -v - 65, -12 = 3*n. Let u = 94 + v. What is the units digit of u?
1
Let g(n) = n**2 + 10*n + 7. Let a(m) = 2*m + 11. Let d be a(-10). Let t be g(d). What is the units digit of 124/8 + t/(-4)?
6
Suppose -42*q - 966 = -43*q. What is the tens digit of q?
6
Let p = -143 - -4005. What is the tens digit of p?
6
Let d(x) = 6*x + 3*x**2 + 21 - 48 + 35. Let s be (-1)/(-3) - 39/9. What is the units digit of d(s)?
2
What is the tens digit of 24052/42 - (-4)/(-6)?
7
Let t = 539 + -71. What is the hundreds digit of t?
4
Let w(j) = j**2 + 10*j - 1. Suppose -9 + 21 = 3*g. What is the units digit of w(g)?
5
Let f(b) = -5*b**3 - 11*b**2 - 14*b - 13. Let l(z) = 6*z**3 + 11*z**2 + 15*z + 14. Let h(a) = -5*f(a) - 4*l(a). What is the tens digit of h(-8)?
2
Let n be -8 - -1 - (0/(-3) - 0). What is the tens digit of -174*n/49 + 2/14?
2
Let j be 1/(16/(-6) + 3). Suppose -j*t = -0 - 6. Suppose t*q - 52 = 6. What is the tens digit of q?
2
Let r be -2*(-7)/2*-1. Let a(l) = -2*l**3 + 23*l**2 - 11*l. Let f be a(11). What is the tens digit of (r + 6)*(-63 + f)?
6
Let p(i) = 7*i**3 - i**2 + 5*i + 5. What is the units digit of p(4)?
7
Let r = -25 - -33. Suppose -d + 26 = -r. What is the tens digit of d?
3
Let w be 3 - (0 + 56/2). Let o = -21 + w. What is the units digit of (o/(-6))/(2/6)?
3
Suppose 5*r + 19 = 4. Let o be r/(-6)*-8 - 2. What is the tens digit of (51/o)/((-2)/12)?
5
Let a(d) = -d**3 - 3*d**2 + 4*d - 1. Let l(y) = 4*y - 31. Let t be l(6). What is the tens digit of a(t)?
6
Let z be (-3 - -1)*(-1)/2. Let t be 13 + -12 - 18/z. Let f = 29 + t. What is the tens digit of f?
1
Let j(q) = 25*q - 40. What is the tens digit of j(9)?
8
Let r = 4531 + -1684. What is the units digit of r?
7
Suppose -3*f + 9 = 0, -5*f = -0*k + 4*k - 3399. What is the tens digit of k?
4
Suppose 5*n = -5*p + 9*n + 2294, -3*n = 3*p - 1398. What is the tens digit of p?
6
Suppose 14 + 13 = 3*w. What is the tens digit of (-152)/(-6) - 12/w?
2
Suppose 0 = 25*h + 434 + 416. Let m be 0 + 84 + (0 - 0). Let f = m + h. What is the tens digit of f?
5
Let o(p) = -p**3 + 31*p**2 + p - 11. What is the thousands digit of o(13)?
3
Let b(x) = -x**2 - 3*x + 8. Let v be b(-7). Let o = 20 - v. Let a = o - 20. What is the units digit of a?
0
Let v(o) = 4*o + 4. Let f be v(4). Let d be 0 + -5 + 1 + 38 + -3. Let u = d - f. What is the tens digit of u?
1
Suppose 0 = 22*s - 29917 - 2115. What is the hundreds digit of s?
4
Let j be (21/2)/7*2. Suppose -4*w = j*s + 1 + 11, 3*s + 15 = -5*w. Suppose -2*o + 21 + 77 = s. What is the units digit of o?
9
Let f be ((-6)/(-8))/((-4)/(-624)). Suppose 2*h + 57 = 2*p - 3*h, -5*p = -4*h - f. What is the units digit of p?
1
Let n be 1/6 - 182/84. Let t(l) = -10*l**3 - 4*l**2 - 3*l. What is the units digit of t(n)?
0
Let a be 3*(20/6 - 2). Suppose -169 = -a*m + 131. What is the units digit of m?
5
Let z(b) = b**2 + 34*b - 312. What is the hundreds digit of z(-62)?
4
Let l(w) = -w**2 - 12*w - 7. Let p be l(-11). Suppose -5*v - m = 3, p - 19 = 4*v + 5*m. Suppose v = -2*j + j + 76. What is the tens digit of j?
7
Let r(p) = 15*p - 57. Let i be r(4). Suppose 5*l - i*l = -5*u + 14, 11 = 5*u + 3*l. What is the units digit of u?
4
Suppose 3*r + 4*m + 6 = 0, 5*r + 36 = -0*r + 2*m. What is the hundreds digit of r/21 + 2757/21 + 2?
1
Suppose 0 = 4*i - 3*u - 800, -u + 398 = 2*i - 2*u. Let t = -135 + i. What is the tens digit of t?
6
Let o = -25 + 13. Let f = -6 - o. What is the tens digit of (-58)/(-4) + f/(-12)?
1
Let i = -167 - -213. What is the units digit of i?
6
Let g be 39/8 - (-5)/40. Let r(c) = -c**2 + 7*c - 1. Let x be r(g). What is the tens digit of 1545/21 - x/(-21)?
7
Suppose 12*w - 2*w = 1900. What is the hundreds digit of w?
1
Let m(z) = 24 - 20*z + 10 - 3. What is the units digit of m(-10)?
1
Suppose -36 = -5*x - 4*d + 5*d, -x - d = -6. Suppose -2*k = 2*m - m - 139, 4*k = 3*m + 283. Suppose x*a - 2*a - k = 0. What is the units digit of a?
4
Let c(a) = -a + 2. Let x(v) = v - 1. Let r(o) = -c(o) - 4*x(o). Suppose -z = -4 + 9. What is the tens digit of r(z)?
1
Let k(r) = -r**3 + 3*r**2 - r. Let m(n) = 2*n + 16. Let u be m(-7). Let a be k(u). Suppose a*t + 2*t - 184 = 0. What is the tens digit of t?
4
What is the hundreds digit of -9 + 7 + 131 + -2 + 2?
1
Suppose 0 = -4*k + a - 56, a - 14 = k + 5*a. Let t(x) = x**2 + 15*x + 19. What is the units digit of t(k)?
5
Suppose 3*z - 5*z - 144 = 2*y, -2*y - 284 = 4*z. What is the tens digit of ((-72)/(-90))/(-1 - 72/z)?
2
Suppose 3*t + 169 = -5*j, -5*t - 334 + 47 = 3*j. Suppose 0 = 6*y - 4 + 148. Let b = y - t. What is the tens digit of b?
3
Let h(i) = -i + 13. Let a be h(8). Suppose 0 = -3*r - a*r + 264. What is the tens digit of r?
3
Let t(l) = l**2 + 7*l - 5. Let j be t(-8). Let g(q) = -q**2 + 7*q + 8. Let r be g(8). Suppose r = s - 3 - j. What is the units digit of s?
6
Suppose l = 2*c + 7, -4*c - 5 = c. Suppose -2*x + 10 = q - 0*q, x = -l*q - 4. What is the tens digit of ((-54)/(-5))/(x/15)?
2
Suppose -15*v + 53739 + 4311 = 0. What is the thousands digit of v?
3
Suppose 0 = 6*m - 3*m - 3*z - 2343, -2*m + 4*z = -1552. What is the hundreds digit of m?
7
Let t(q) be the second derivative of q**4/12 + 2*q**3 + 17*q**2/2 - q. Let x be 3 + -2 - (-6 + 4 + 15). What is the tens digit of t(x)?
1
Let g(t) = -5*t**3 - 7*t**2 - 21*t + 18. What is the units digit of g(-8)?
8
Let k = -14 + 16. Let n(t) = -k*t - 3*t + 4*t + 2 - 2*t. What is the units digit of n(-3)?
1
Let c(z) = z**3 - 3*z**2 - z - 4. Let o be c(4). Let a = -19 - -23. What is the units digit of a*4/o - 1?
1
Let a(f) = -10*f + 51. Let l(z) = -3*z + 17. Let w(m) = -6*a(m) + 17*l(m). What is the units digit of w(7)?
6
Suppose -4*r - 124 = -3*r. Let b = 89 + r. What is the units digit of (-2)/(-12) - b/42?
1
Let x(n) = 2*n + 7. Let a be x(-2). Suppose -299 = -2*q - a*i, 2*q - 3*i - 259 = 2*i. What is the hundreds digit of q?
1
Suppose q - 51 = -47. Suppose -638 = -3*a + 2*h, 5*a + h = q*a + 206. What is the tens digit of a?
1
Let o = 201 + 1002. What is the hundreds digit of o?
2
Suppose -3*w - 4 = 2*w - 4*g, 3*w + 1 = g. Suppose w*j + 18 = 3*j. What is the units digit of j?
6
Suppose 0 = 2*t + 3*w - 3 - 20, 0 = t - 5*w + 8. Let v(p) = -p**3 + 8*p**2 - 4*p - 1. Let g be v(t). Let i = g + 16. What is the units digit of i?
6
Suppose -2*i = -3*u + 3330, u + 2*i = -0*u + 1102. What is the tens digit of u?
0
Let s(c) = 6*c - 1. Let a(i) = 3*i - 1. Let u(w) = 9*a(w) - 4*s(w). Let v be u(8). What is the tens digit of v/(-1 + (5 - 3))?
1
Let u(s) = -s**3 - s**2 + 23*s - 21. What is the hundreds digit of u(-11)?
9
Let w be 7 + -11 - (-4 + -1). Let j(v) = 163*v + 1. What is the hundreds digit of j(w)?
1
Let j be (-1 - (-2)/4)/(37/74). Let n(k) = 200*k**2 + k + 3. What is the tens digit of n(j)?
0
Suppose s = -2*d - 5, 3*d = 4*s - 0*s - 35. Suppose s*b = -8 + 43. What is the units digit of b?
7
Suppose 1 = -4*q + 5. Let c be 2/(-10) + q/5. Suppose c = 2*u - 0*u - 2. What is the units digit of u?
1
Let n = 23 + -15. Let y be (-2 + n)/((-9)/(-24)). What is the tens digit of y/24 + 170/6?
2
Suppose -2*d + 418 = -3*x, -2*x = -3*x + 4. Suppose 35 = -3*u + 